+ 1 - -4) + -15
-1
Evaluate -10 + -5 + (7 - -3).
-5
3 - (-2 - (6 + (-4 - 4)))
3
What is (-2 - 10) + 3 + 4?
-5
Evaluate 6 + 2 + -4 - 4.
0
What is 2 - -1 - 7 - -11?
7
What is the value of 4 + 1 + -6 - (-9 - -10)?
-2
Calculate 3 + (-1 - (5 + -7)).
4
What is -9 + -2 - (-6 - (7 - 9))?
-7
What is the value of -2 - (4 + -8 + 1)?
1
-7 + 11 + -8 - (-2 - 1)
-1
Calculate -2 + 0 - (6 - 8).
0
What is the value of (-5 - 1) + 6 + 0?
0
What is -3 - (-2 + 5 + -10)?
4
Calculate -8 + 7 + -2 + -5 - -3.
-5
Evaluate 4 + (-7 - -2) + -2 + 1.
-2
What is 1 - 3 - (4 - 2)?
-4
Calculate 1 - (0 - (4 - 3)).
2
What is the value of 5 + (-5 - 4) - (2 - 0)?
-6
Calculate 2 - (3 - (10 + -14)).
-5
What is 5 + (-8 - (2 - 4)) - -1?
0
What is the value of 2 + (-8 + 3 - -2)?
-1
What is 5 - (4 + -5 + 1 + 1)?
4
What is the value of -2 + (2 + -2 - 3) + 0?
-5
Evaluate (-8 - -21 - 6) + -15.
-8
-8 + 3 + 0 - -3
-2
-1 - (3 - (-5 - -8))
-1
Calculate 14 + -8 - 9 - (1 - 0).
-4
Evaluate 1 + -2 - (-6 + 0 + 4).
1
Evaluate 2 + 3 + 0 + -4 + 3.
4
What is 1 - 8 - (51 - 57)?
-1
Calculate 3 - (-4 - (4 + -13) - -1).
-3
Calculate -3 + 8 + 21 + -26.
0
-2 + -5 + 0 + (-42 - -47)
-2
Evaluate -4 + 0 + (8 + -2 - 4).
-2
What is (-1 - -1) + -1 + 69 + -73?
-5
What is (-14 - -9) + 0 - (-1 + 0)?
-4
Evaluate (-2 - -4) + (8 - 15) + 6.
1
3 + 8 + -12 + 3
2
1 + 6 + 1 + -11 + 4
1
Calculate 0 + -1 - (-4 + 0 + 8).
-5
What is the value of -1 + (3 - 2 - 4)?
-4
What is the value of 1 + (-1 - (-2 + 4))?
-2
Calculate 2 + -4 - 0 - 1.
-3
Evaluate 5 + -10 + 8 + 1.
4
What is the value of 1 - (2 + 20 + -13)?
-8
Calculate -4 - (3 + (-13 - -5)).
1
What is (7 - (1 + 0)) + -45 + 36?
-3
Calculate 2 + 4 - (-4 - 5 - -9).
6
Calculate (-8 - -5) + (1 - 1).
-3
What is the value of (1 - (0 - 7)) + -1?
7
What is the value of -1 - 7 - (-9 + 8 + 0)?
-7
Calculate 2 - 3 - 0 - (-28 - -25).
2
Evaluate (1 - -1) + 9 + -25 + 14.
0
What is (1 - (-5 - 2)) + -2?
6
What is 0 - (4 + -4) - 2?
-2
-5 + -1 + 3 + -4 + 10
3
8 - (-26 + 27 - (2 + -9))
0
Calculate 2 + (0 - (0 + -2)).
4
Calculate -11 + (7 - (-7 + 7)).
-4
What is (1 - -2) + 2 + -3 + -6?
-4
What is (-5 - 0) + 8 - 5?
-2
What is the value of (2 - 3) + -1 + -1 + 1?
-2
What is 3 - (0 - (-2 - 2) - 1)?
0
What is (5 - 0) + (-11 - -2)?
-4
What is the value of 44 + -41 - (3 - 8)?
8
Calculate -5 + 0 - -5 - 2.
-2
What is the value of 7 + -4 + 6 + -4 + 4?
9
Evaluate 2 - (2 + -2 - 3).
5
Calculate -13 - (-9 + 2) - -7.
1
What is the value of 1 - (-3 - (3 + 2 - 13))?
-4
Evaluate 6 + -1 - (-4 + (3 - -1)).
5
What is the value of 5 - (6 + -2 + -1)?
2
What is (1 + -6 - -3) + -3?
-5
Calculate 2 + (-8 - -15 - 2) - 8.
-1
Calculate (0 - 4) + 1 + (12 - 5).
4
Calculate 4 + (2 - (2 - -3) - -2).
3
Calculate -3 + (0 - 0 - -1) - -1.
-1
Calculate (2 - 3) + 1 - 6 - -13.
7
What is -7 - -6 - -4 - 7 - 4?
-8
Calculate -6 + 1 + 8 - 11.
-8
Calculate -1 - (7 - 3) - (-2 + -1).
-2
Evaluate -1 + (7 - 2) - 3.
1
Evaluate 1 - 5 - (4 + -1) - -3.
-4
What is the value of -3 - ((-13 - -14) + -1 + -2)?
-1
(10 + 0 - (-2 - -5)) + -7
0
1 - 1 - (-12 + 11) - -5
6
Evaluate (-2 + 3 - -1 - 3) + 2.
1
What is -6 - (-4 - (2 - 3))?
-3
-12 + (25 - 11) + 1
3
What is 9 + -1 + (-2 - 4)?
2
Evaluate 4 - (2 - -14) - -3.
-9
Calculate (-3 + -2 - 0) + 7.
2
What is -6 + 2 + 1 + 2?
-1
What is the value of -7 + (-7 - -4) + 4 + 2?
-4
Evaluate 1 - -1 - (-16 + 21).
-3
What is (-6 - 0) + 19 + -11?
2
What is the value of (-4 - -1) + (8 + -1 - 4)?
0
Calculate -12 + -7 - -8 - -13.
2
What is (-4 - 7) + (2 - (0 + -4))?
-5
What is -33 + 25 + (10 - (3 + 0))?
-1
Evaluate (-2 + 3 - 0) + 2.
3
Evaluate 0 + -1 + 0 + 68 + -64.
3
What is the value of 1 + (2 - 5) - -6?
4
What is the value of 2 + (-3 - 0) - (47 - 41)?
-7
(5 - 0) + 4 + -12
-3
Calculate -14 - (-13 + (-5 - -9)).
-5
What is the value of -5 - ((1 - 2) + -4)?
0
Calculate -2 + (-7 + 1 - -2).
-6
Evaluate 2 - (2 - 1 - -3 - 0).
-2
(-3 - -2) + 7 + -3 + 2
5
0 - (-2 + -4 + 3 - -3)
0
What is the value of (-9 - -4) + 10 + -7?
-2
Evaluate -4 - 2 - (-17 + 9).
2
What is 7 + -4 + 6 + -13?
-4
What is the value of 6 - (4 + -4 + -2)?
8
What is (-1 - (6 + -3 - 0)) + 1?
-3
Evaluate -5 - (8 - (-8 + 5 - -15)).
-1
What is 3 + (1 - -1) + (-4 - -1)?
2
Calculate 4 - -1 - (-2 + (5 - 2)).
4
-8 - (11 + -21) - 10
-8
Calculate 1 - (10 - (7 + -2)).
-4
Evaluate 14 + -9 + -3 + 0.
2
What is -2 + 4 + (1 - -2 - 0)?
5
Evaluate (-2 - (-4 + 1 + 2)) + -2.
-3
Calculate 3 + 19 + -4 + -14.
4
Calculate (-7 - 0) + (2 - -9).
4
Calculate (-3 - (4 + (-10 - -1))) + -3.
-1
6 + (-5 - (-4 + 0))
5
What is -23 + 25 + (-1 - -6)?
7
What is 11 + (7 - 5 - 2) + -5?
6
What is 4 + -9 + 6 - -3?
4
(-7 - (-11 - -5)) + -1 + 0
-2
What is (2 - 4 - -2) + -5?
-5
What is -1 + (-2 - (3 + 1 - 3))?
-4
Evaluate -2 + (-2 - -4) - 3 - -3.
0
What is (1 - -2) + (-59 - -53)?
-3
Evaluate 8 + -7 - (-3 + 1).
3
Evaluate (-10 - -4) + (3 - -3).
0
Evaluate (11 + -17 - 5) + 12.
1
What is 2 - -1 - (-2 + 2)?
3
What is the value of -26 + 15 - (-8 - -2)?
-5
What is (3 - 1) + -7 + 1?
-4
What is -8 - (-11 + (4 - -2))?
-3
-5 - (-10 - (-8 + 9))
6
What is -18 + 11 + 3 - 5?
-9
What is 2 - ((1 - (0 + 4)) + 4)?
1
(31 - 26) + 0 + -6
-1
What is -1 + 7 + -9 - 3?
-6
What is (-6 - -1) + (-5 - -10) + -4?
-4
What is the value of 3 + -1 + 5 + -6?
1
What is the value of -1 - (-2 + 4) - -1?
-2
Calculate 8 + -7 - (-1 + 1 - 3).
4
5 - (-3 - -12) - (-1 + 3)
-6
Calculate (-2 - -7) + (-15 - (-19 + 8)).
1
What is the value of (7 - -2) + -1 + -9?
-1
What is 59 + -48 + (-3 - -6) + -4?
10
What is the value of (8 - 5 - 5) + 4 + -6?
-4
Calculate 3 + (-6 - -5) + -2.
0
Evaluate 11 - (-2 - -7) - -3.
9
Evaluate -54 - -46 - (-14 + 3).
3
Calculate (-11 + 3 - -5) + (8 - 4).
1
What is the value of (-1 - -1 - (-2 + 0)) + -2?
0
What is the value of -8 + 1 + 1 + 0 + 2?
-4
Calculate (1 - 0) + (7 - 3).
5
9 + -8 + 6 + -12
-5
(-10 - -2) + (12 - (12 - 4))
-4
Evaluate 3 + -8 + 4 + -1.
-2
What is the value of 8 + (8 - 2 - 8)?
6
Calculate -2 - (-9 - (3 + -11)).
-1
-3 + (6 - 4) + 4
3
What is the value of (5 - 13) + (2 - -5)?
-1
What is the value of (3 - (2 + -7 + 4)) + -4?
0
Evaluate -3 + 1 - (2 + -8).
4
What is 8 + -6 + -4 + 5?
3
What is 0 + (1 + -1 - 5)?
-5
Evaluate (-17 - -13) + 6 + -2 - 2.
-2
Calculate (-31 - -23) + (2 - -5).
-1
Evaluate -6 + -2 + -4 + 11.
-1
What is 4 + (26 - 24 - (7 + 0))?
-1
What is 1 - ((-2 - -7) + (0 - 6))?
2
What is the value of -13 - 0 - (9 - 15)?
-7
What is the value of -6 - (6 - 2 - (24 - 21))?
-7
Calculate -4 - -5 - 1 - 3.
-3
What is the value of 8 + (-3 - 1) + -1?
3
(4 - 2) + -12 + 11 + -9
-8
-1 - 3 - (15 + (-40 - -20))
1
What is 9 + (6 - 7) - 13?
-5
What is the value of (-3 - -2) + -2 - (82 + -75)?
-10
Evaluate -10 - (-13 + (-6 - -13)) - 1.
-5
Calculate 0 - 0 - (-10 + (18 - 8)).
0
Calculate 9 - (2 + -10 + 16).
1
Calculate (-8 - -11) + (-7 - -1 - 0).
-3
Evaluate 7 + -12 - (-9 - -6 - 1).
-1
What is the value of 4 + -6 + (5 + 5 - 15)?
-7
Calculate 0 + 8 - (3 + 1).
4
Calculate 14 + -15 + (0 - 2).
-3
What is the value of -2 - -3 - (10 - 1 - 1)?
-7
What is the value of (-6 - (-3 + -2) - 5) + 5?
-1
4 - (0 - (-4 - 5))
-5
Evaluate 11 + -4 + (-5 - -4).
6
-6 - (3 - 1) - -4
-4
Calculate -3 - -6 - (-8 + 4 + 0).
7
What is the value of 2 + -2 - (10 - (-4 + 7))?
-7
What is 0 - -1 - 3 - (-18 + 20)?
-4
Calculate -8 - -1 - (2 - 6).
-3
Evaluate (-2 - (2 + 5)) + 6 - -10.
7
What is the value of -3 + -2 - (-4 + 0 + 2)?
-3
3 + 0 - (22 - 22)
3
Calculate 8 - 5 - (0 - -5).
-2
What is -7 - 1 - -2 - (-25 - -26)?
-7
Calculate -3 + 5 + -2 - (4 - -1).
-5
-18 + -3 + 8 - -8
-5
Evaluate 1 - ((-3 - 5) + 6).
3
What is the value of -3 + -2 + -1 - -1?
-5
Evaluate (-4 - -2) + -23 + 32.
7
What is the value of -1 + (0 - 2 - -5 - 0)?
2
What is the value of (11 - 20) + 2 + 6 + -1?
-2
What is (-8 - -6) + -8 + 3 + 11?
4
Evaluate -11 + 6 + 7 + -1 + -2.
-1
1 + -6 - (-3 - 1)
-1
(3 - -2) + 2 + -6
1
What is 14 - (6 - (-8 + 3))?
3
What is the value of 6 + -11 - -3 - (-9 - -2)?
5
Calculate -2 - -3 - (9 + -8).
0
What is 29 + -23 + (-1 - 2 - 0)?
3
What is (4 - 0) + (1 - -4) + -11?
-2
What is the value of 4 + 6 + -6 + -2?
2
2 + 3 + 2 + -2 + -7
-2
3 + -1 + 2 + -6
-2
2 - (-2 - (1 - (7 + 1)))
-3
1 - (-5 + 8 + -4)
2
Evaluate 173 + -173 - (5 - -1).
-6
What is 1 - (-1 + 2 + (9 - 4))?
-5
-2 - 3 - (6 - (6 + 0))
-5
What is -5 + 3 + 9 + -3 - -2?
6
Evaluate (-10 - 8) + 8 - -1.
-9
Evaluate -2 - (-1 - -5 - 